Calculate s(5).
-552
Let f(k) = k**3 + 43*k**2 + 3*k + 56. Determine f(-43).
-73
Let d(c) = 10*c + 1591. What is d(-85)?
741
Let r(b) = b**2 - 122*b - 1174. Give r(-9).
5
Let s(y) = -40*y**2 + 503*y + 224. Calculate s(13).
3
Let w(b) = 2*b**3 - 24*b**2 + 5*b - 26. Calculate w(12).
34
Let m(v) = -v**2 + 22*v + 449. Determine m(-12).
41
Let k(i) = -50*i**2 - 953*i - 37. Determine k(-19).
20
Let v(n) = 152*n - 473. Determine v(3).
-17
Let i(w) = 18*w + 549. What is i(-41)?
-189
Let n(j) = -11*j + 1071. What is n(93)?
48
Let v(x) = x**3 - 9*x**2 + 9*x + 35. Determine v(6).
-19
Let s(r) = 7*r**2 - 29*r + 182. Calculate s(8).
398
Let q(m) = -2*m**2 - 25*m - 103. Calculate q(5).
-278
Let y(s) = -s**3 - 25*s**2 + 61*s + 185. Determine y(-27).
-4
Let m(y) = -29408*y - 29399. Determine m(-1).
9
Let d(x) = -3*x**2 + 179*x - 739. What is d(56)?
-123
Let g(y) = -2*y**3 + 65*y**2 + 20*y + 456. Calculate g(33).
27
Let h(c) = 18*c + 348. Give h(-18).
24
Let d(l) = -l**3 + 6*l**2 + 3*l + 12. Determine d(5).
52
Let p(r) = -r**3 + 10*r**2 + 291*r - 21. Give p(-13).
83
Let b(w) = -w**3 - 21*w**2 - 110*w - 386. Determine b(-16).
94
Let t(z) = -z**3 + 13*z**2 + 41*z - 191. What is t(15)?
-26
Let l(t) = 11*t**2 - 232*t - 1169. What is l(-5)?
266
Let u(t) = -132*t - 659. Calculate u(-5).
1
Let o(m) = 2*m**2 - 46*m + 19. Calculate o(24).
67
Let i(y) = y**2 + 6*y - 17. Give i(4).
23
Let w(k) = -24*k**3 - 5*k**2 + 17*k - 3. Calculate w(3).
-645
Let l(d) = -4*d + 176. What is l(37)?
28
Let t(c) = -373*c + 105915. Calculate t(284).
-17
Let l(c) = -933*c + 4652. What is l(5)?
-13
Let w(n) = 12*n**2 + 506*n - 398. Calculate w(-43).
32
Let s(p) = -796*p - 5311. Calculate s(-7).
261
Let b(q) = 46*q - 1260. Determine b(29).
74
Let b(f) = -71*f - 3411. Determine b(-48).
-3
Let i(g) = -g**3 + 7*g**2 - 23*g + 146. What is i(7)?
-15
Let i(t) = 37*t + 50. What is i(-4)?
-98
Let f(y) = 22*y**2 + 43*y + 46. Determine f(-4).
226
Let v(j) = -j**2 + 5*j + 58. What is v(4)?
62
Let g(h) = 22*h + 77. Calculate g(-12).
-187
Let y(s) = -8428*s + 75847. Give y(9).
-5
Let k(x) = -4*x**3 + 21*x**2 + 17*x - 205. Give k(8).
-773
Let i(z) = 19*z - 448. Determine i(21).
-49
Let w(p) = -27*p + 491. Determine w(29).
-292
Let u(m) = -m**2 + 903*m - 10697. What is u(12)?
-5
Let d(v) = -18*v - 737. Determine d(31).
-1295
Let u(l) = -404*l + 11683. Calculate u(29).
-33
Let j(i) = 507*i + 2002. What is j(-4)?
-26
Let d(j) = -j**2 + 14*j - 20. What is d(2)?
4
Let d(s) = -55*s - 1049. Determine d(-22).
161
Let t(v) = -32*v + 104. Calculate t(0).
104
Let z(p) = 24*p - 354. Determine z(12).
-66
Let o(c) = c**2 - 89*c - 486. What is o(-5)?
-16
Let o(c) = -6*c**2 + 81*c + 40. Give o(14).
-2
Let h(p) = p**3 - 5*p**2 - 9*p - 2. Determine h(-2).
-12
Let w(q) = -q**3 - 8*q**2 + 19*q + 81. What is w(-6)?
-105
Let d(x) = 79*x - 52. What is d(1)?
27
Let r(o) = 2*o**2 + 274*o + 7499. What is r(-99)?
-25
Let v(j) = 4*j**2 - 239*j - 482. Calculate v(-2).
12
Let y(v) = -10*v**2 + 20*v + 33. What is y(-6)?
-447
Let h(s) = -511*s + 4613. Calculate h(9).
14
Let r(j) = 108*j - 750. Determine r(7).
6
Let x(o) = o**2 - 80*o - 251. Give x(83).
-2
Let a(f) = -3*f**3 + 570*f**2 - 10*f + 1891. What is a(190)?
-9
Let n(r) = r**3 + r**2 - 12*r + 35. Give n(4).
67
Let g(s) = -2*s**2 + 50*s - 261. What is g(17)?
11
Let v(x) = -7*x**2 + 35*x + 258. Calculate v(9).
6
Let l(x) = 5*x**3 - 153*x**2 + 666*x - 129. Determine l(5).
1
Let k(s) = -s**3 - 3*s**2 + 19*s + 22. Calculate k(-9).
337
Let f(c) = 7*c**2 - 83*c - 1118. Determine f(-8).
-6
Let u(z) = -z**2 + 381*z - 34040. What is u(143)?
-6
Let b(n) = -43*n + 895. Give b(19).
78
Let h(y) = -142*y**3 - y**2 - 2*y + 1. Calculate h(1).
-144
Let z(b) = -b**2 + 5*b - 198. What is z(0)?
-198
Let w(t) = -61*t - 3837. What is w(-63)?
6
Let k(x) = -x**2 + 111*x - 1656. What is k(16)?
-136
Let x(f) = -f**2 - 3138*f + 22047. Calculate x(7).
32
Let d(a) = 1631*a + 1636. What is d(-1)?
5
Let q(a) = -19*a**3 - 2*a**2 + 87*a - 174. What is q(2)?
-160
Let a(y) = y**2 - 6*y - 115. Give a(-9).
20
Let z(o) = -o**3 - 152*o**2 + 2*o + 309. Determine z(-152).
5
Let o(h) = -h**3 - h**2 + 1101*h + 22. Give o(0).
22
Let d(r) = 11*r**2 - 423*r + 170. What is d(38)?
-20
Let q(r) = -2*r**3 + 15*r**2 + 9*r + 34. What is q(9)?
-128
Let p(k) = 4*k**3 - 9*k**2 - 4*k + 40. Give p(2).
28
Let k(r) = -1287*r + 2602. Determine k(2).
28
Let u(v) = -7*v**3 - 2*v**2 - v. Give u(-1).
6
Let u(z) = 281*z - 3655. Give u(13).
-2
Let c(m) = m**3 + 46*m**2 + 46*m + 23. Determine c(-45).
-22
Let a(p) = -60*p + 708. Calculate a(11).
48
Let g(t) = -11*t**2 - 47*t + 96. Calculate g(-8).
-232
Let x(v) = -v**2 - 338*v - 340. Determine x(-1).
-3
Let l(j) = 6*j - 113. Calculate l(41).
133
Let i(f) = -11050*f - 220991. Give i(-20).
9
Let o(n) = 6*n**2 + 103*n + 23. Calculate o(-17).
6
Let l(k) = 216*k - 339. What is l(1)?
-123
Let b(r) = 4*r**2 + 250*r + 101. Give b(-62).
-23
Let i(s) = -s**3 - 43*s - 136. What is i(-4)?
100
Let h(t) = 2*t**2 - 342*t + 2456. Determine h(163).
-152
Let r(p) = -p**2 + 1441*p + 14515. Give r(-10).
5
Let k(p) = -8927*p - 80337. Give k(-9).
6
Let g(o) = -o**2 + o + 22. Calculate g(-8).
-50
Let i(n) = 2*n**3 + 23*n**2 + 13*n + 35. Calculate i(-11).
13
Let u(i) = -2*i**2 + 41*i - 212. Calculate u(12).
-8
Let c(s) = -2*s**2 + 58*s + 383. Give c(35).
-37
Let c(g) = -g**3 - 86*g**2 + 359*g - 110. Calculate c(-90).
-20
Let p(x) = -x**3 - 4*x**2 + x + 671. Determine p(0).
671
Let h(f) = -31*f - 23. Give h(-4).
101
Let w(n) = -2*n**3 + 67*n**2 + 106*n - 51. Determine w(35).
-16
Let g(a) = -22*a**2 + 102*a. Calculate g(4).
56
Let h(x) = 144*x - 865. Determine h(6).
-1
Let d(i) = 168*i - 1354. What is d(8)?
-10
Let w(g) = -47*g + 422. Give w(17).
-377
Let z(i) = 9*i + 409. What is z(-42)?
31
Let q(k) = 5*k**3 + 2*k**2 + 20*k - 19. Calculate q(1).
8
Let t(p) = -126*p**2 + 105*p + 1. What is t(1)?
-20
Let t(g) = -11*g - 12. Calculate t(-3).
21
Let y(c) = -52*c - 2215. Calculate y(-43).
21
Let k(p) = -4*p**2 - 123*p + 507. Calculate k(4).
-49
Let k(q) = -8*q**2 + 237*q + 358. Calculate k(31).
17
Let q(i) = 269*i + 1342. What is q(-5)?
-3
Let j(g) = -g**3 + 33*g**2 - 31*g - 92. Give j(32).
-60
Let m(z) = 9*z + 143. Determine m(-22).
-55
Let w(d) = 65*d - 363. What is w(6)?
27
Let t(b) = b**2 - 113*b + 1928. What is t(92)?
-4
Let r(f) = f**2 + 28*f + 136. What is r(-16)?
-56
Let u(t) = 2*t**2 - 23*t - 20. Determine u(14).
50
Let q(l) = -l**3 - l**2 - 2*l - 177. Calculate q(0).
-177
Let g(b) = -84*b - 205. Give g(-6).
299
Let s(x) = -31*x - 728. Calculate s(-22).
-46
Let p(l) = l**3 - 26*l**2 - 122*l + 18. Determine p(30).
-42
Let d(f) = 165*f**3 + 9*f**2 + f - 1. Calculate d(-1).
-158
Let d(l) = l**3 - 3*l + 100. What is d(0)?
100
Let k(b) = -b**3 + 56*b**2 + 58*b - 36. What is k(57)?
21
Let n(z) = -169*z**2 - 2056*z - 336. Determine n(-12).
0
Let r(a) = a**2 - 7*a - 34. Calculate r(-8).
86
Let y(i) = 16*i + 1481. Determine y(-93).
-7
Let o(f) = f**2 - 92*f - 3359. Calculate o(-28).
1
Let d(q) = q**2 + 86*q - 2339. What is d(-108)?
37
Let m(k) = -1933*k - 92779. Calculate m(-48).
5
Let z(s) = 123*s + 4052. Determine z(-36).
-376
Let m(u) = u**2 + 41*u - 284. What is m(-47)?
-2
Let d(n) = -2*n**3 + n**2 + 30*n + 29. Give d(-1).
2
Let m(w) = -7*w**2 + 45*w + 2. Determine m(7).
-26
Let c(m) = 173*m + 2051. Give c(-11).
148
Let p(x) = -540*x - 463. What is p(-1)?
77
Let o(i) = -2*i**2 - 49*i - 194. Calculate o(-5).
1
Let z(u) = 2*u**2 - 88*u + 861. Calculate z(14).
21
Let m(r) = r**3 + 199*r**2 - 7391*r - 27. Determine m(32).
5
Let b(w) = -2*w**3 + 118*w**2 + w - 90. What is b(59)?
-31
Let n(r) = 2*r**3 - 5*r**2 + 9*r - 13. Give n(2).
1
Let b(r) = -6*r**3 + 61*r**2 + 11*r - 206. What is b(10)?
4
Let g(f) = -f**2 + 28*f + 417. Give g(41).
-116
Let u(d) = -1117*d + 7823. Give u(7).
4
Let o(n) = n**2 + 6*n - 17. What is o(2)?
-1
Let t(a) = 2*a**2 + 23*a - 303. Calculate t(8).
9
Let s(a) = -a**3 + 91*a**2 - 92*a + 179. Determine s(90).
-1
Let p(s) = s**2 + 115*s + 3307. Determine p(-59).
3
Let b(f) = 7*f - 46. Give b(13).
45
Let v(y) = 3*y**2 + 10*y. Calculate v(3).
57
Let q(u) = 345*u - 37. Calculate q(1).
308
Let g(x) = x**3 + 50*x**2 - 176*x - 8859. Calculate g(-50).
-59
Let o(n) = 20*n**2 - 12*n + 7. Determine o(3).
151
Let r(y